nvert a50b (base 14) to base 16.
6f0f
What is 483 (base 12) in base 10?
675
Convert 116 (base 12) to base 4.
2202
-1010111001000 (base 2) to base 13
-26cc
Convert -1506 (base 12) to base 7.
-10104
Convert -2001201 (base 3) to base 9.
-2051
Convert -2eb0 (base 15) to base 13.
-4773
32003 (base 4) to base 5
12044
Convert -10022012 (base 3) to base 4.
-211220
What is -349 (base 14) in base 10?
-653
Convert -981 (base 15) to base 5.
-32041
-5103 (base 9) to base 6
-25133
30152 (base 6) to base 9
5375
Convert -85880 (base 9) to base 7.
-324516
-3d3 (base 15) to base 5
-11443
What is -11 (base 3) in base 5?
-4
-1c0 (base 14) to base 15
-194
Convert -11a3 (base 16) to base 7.
-16110
What is 720 (base 11) in base 3?
1012012
Convert 4887 (base 15) to base 16.
3c43
201300 (base 4) to base 10
2160
Convert 105 (base 9) to base 8.
126
Convert 111122 (base 3) to base 13.
224
What is -1762 (base 8) in base 12?
-702
-bd4b (base 16) to base 14
-13935
What is -110201 (base 3) in base 2?
-101010111
What is -3333001 (base 4) in base 11?
-11298
What is 5406 (base 11) in base 9?
10718
Convert f5b9 (base 16) to base 10.
62905
Convert -192 (base 12) to base 4.
-3332
What is -1100222 (base 4) in base 11?
-3973
What is -32b8 (base 14) in base 11?
-6668
Convert 121002001 (base 3) to base 6.
130131
-2138 (base 11) to base 15
-c84
What is 30244 (base 5) in base 12?
1165
Convert 7506 (base 9) to base 12.
3236
What is 54161 (base 7) in base 13?
6191
-481a (base 14) to base 10
-12568
Convert -10001000 (base 3) to base 11.
-1733
Convert 9e49 (base 16) to base 14.
10aa5
What is 13473 (base 8) in base 12?
3537
Convert 4931 (base 15) to base 11.
10776
Convert -51514 (base 6) to base 8.
-15346
100200 (base 5) to base 2
110001100111
Convert -3c8 (base 14) to base 11.
-635
Convert 67104 (base 9) to base 6.
542134
-8781 (base 10) to base 7
-34413
1002210 (base 3) to base 16
324
What is 50b1 (base 12) in base 15?
28ed
What is -c75b (base 15) in base 9?
-63745
What is -579d (base 16) in base 13?
-a294
-32b5 (base 14) to base 6
-104355
What is 6264 (base 7) in base 4?
202122
Convert 107b (base 16) to base 6.
31311
Convert 2147 (base 8) to base 2.
10001100111
Convert -303652 (base 7) to base 14.
-14c29
13b8 (base 12) to base 15
a35
-160 (base 7) to base 15
-61
Convert 2027 (base 9) to base 10.
1483
Convert 272 (base 10) to base 9.
332
569 (base 15) to base 12
860
105c (base 16) to base 7
15132
-30113013 (base 4) to base 7
-300420
210010 (base 3) to base 6
2350
What is -874 (base 9) in base 5?
-10330
576 (base 9) to base 11
3a1
What is -1201211111 (base 3) in base 9?
-51744
1010110 (base 2) to base 13
68
What is -114484 (base 9) in base 5?
-4201201
What is 1010100101010 (base 2) in base 14?
1d90
What is 1231132 (base 4) in base 14?
27a6
Convert 51200 (base 6) to base 8.
15160
What is 10101000000 (base 2) in base 16?
540
-51a (base 12) to base 3
-1000111
Convert 1103 (base 5) to base 8.
231
What is -1110111000 (base 2) in base 9?
-1267
Convert -13c (base 15) to base 5.
-2112
-401432 (base 5) to base 14
-4902
3185 (base 14) to base 8
20541
What is -714d (base 16) in base 7?
-150364
851 (base 11) to base 15
484
What is -13240 (base 6) in base 3?
-2210120
1312 (base 6) to base 2
101001100
72421 (base 8) to base 7
153242
Convert d (base 15) to base 7.
16
What is 13166 (base 7) in base 4?
313013
Convert -2545 (base 6) to base 7.
-1604
Convert 78 (base 12) to base 15.
62
Convert 395 (base 13) to base 9.
768
Convert 201110 (base 4) to base 8.
4124
212 (base 7) to base 13
83
Convert 32301 (base 7) to base 2.
1111101100101
Convert 1140 (base 10) to base 14.
5b6
10142 (base 5) to base 7
1650
1129 (base 14) to base 9
4067
Convert 1d9c (base 16) to base 3.
101101202
-927 (base 11) to base 14
-59c
-2426 (base 9) to base 6
-12210
What is -751 (base 8) in base 5?
-3424
-22312203 (base 4) to base 8
-126643
Convert 4304 (base 5) to base 11.
487
What is -3115 (base 7) in base 11?
-901
What is 26576 (base 12) in base 9?
80200
Convert 346 (base 12) to base 6.
2130
Convert 1440 (base 14) to base 4.
320000
624 (base 9) to base 16
1fc
What is -a447 (base 16) in base 6?
-522411
Convert -3053 (base 9) to base 12.
-1363
What is -10100001100 (base 2) in base 5?
-20132
967 (base 11) to base 16
48a
-112a (base 13) to base 12
-1482
What is -30005 (base 7) in base 9?
-10788
Convert -211002 (base 3) to base 8.
-1124
Convert -3365 (base 9) to base 5.
-34424
Convert -582 (base 10) to base 12.
-406
Convert -2133340 (base 5) to base 10.
-36720
Convert 100210 (base 3) to base 9.
323
What is 20222 (base 8) in base 7?
33211
549 (base 12) to base 14
3d7
What is -10233 (base 6) in base 4?
-111231
-111000001 (base 2) to base 7
-1211
-74538 (base 10) to base 11
-51002
40243 (base 8) to base 4
10002203
What is 125443 (base 6) in base 11?
8803
What is 89 (base 15) in base 5?
1004
Convert 2315 (base 16) to base 2.
10001100010101
Convert 5935 (base 13) to base 11.
947a
Convert 520 (base 7) to base 8.
403
-111102011 (base 3) to base 16
-2632
-32617 (base 9) to base 15
-662d
Convert -1111000111 (base 2) to base 12.
-687
-1110101110 (base 2) to base 3
-1021220
-30a6 (base 13) to base 5
-203402
What is -2542 (base 9) in base 14?
-99b
23120312 (base 4) to base 13
18302
17827 (base 12) to base 5
2042030
What is 4044 (base 8) in base 10?
2084
-618d (base 14) to base 7
-66636
What is acb (base 16) in base 13?
1347
What is -262 (base 13) in base 10?
-418
234 (base 15) to base 8
763
Convert -206054 (base 7) to base 14.
-d02b
Convert 343010 (base 5) to base 2.
10111111011111
1522141 (base 6) to base 7
516241
Convert 18c5 (base 14) to base 16.
1185
-11b (base 14) to base 9
-265
Convert -64387 (base 10) to base 11.
-44414
What is 53b1 (base 13) in base 16?
2d74
Convert -122120221 (base 3) to base 16.
-3217
What is 43a4a (base 11) in base 10?
63821
What is -1002022212 (base 3) in base 12?
-10458
What is 1525 (base 6) in base 11?
346
What is -100134 (base 7) in base 13?
-78b7
Convert 31113 (base 5) to base 4.
133301
What is -210 (base 8) in base 12?
-b4
Convert 3687 (base 11) to base 8.
11316
What is 10101000000110 (base 2) in base 16?
2a06
Convert 8842 (base 12) to base 16.
3ab2
Convert -89b6 (base 15) to base 6.
-343100
Convert -10001001 (base 2) to base 8.
-211
10010101101010 (base 2) to base 10
9578
What is -1072 (base 10) in base 2?
-10000110000
What is 202110 (base 3) in base 8?
1050
What is -113450 (base 7) in base 10?
-20468
What is -4720 (base 9) in base 8?
-6655
Convert 23621 (base 12) to base 14.
13481
14612 (base 7) to base 3
12120222
Convert -3145 (base 8) to base 9.
-2218
-16269 (base 12) to base 15
-94d3
What is -3223 (base 6) in base 7?
-2100
What is -111101100101 (base 2) in base 14?
-1617
What is 110010101 (base 2) in base 8?
625
What is -39257 (base 10) in base 16?
-9959
Convert 1f1 (base 16) to base 14.
277
d88a (base 15) to base 12
22611
What is 11002012011 (base 3) in base 6?
1415521
1007a (base 12) to base 13
9634
What is 6497 (base 12) in base 4?
2230303
340 (base 6) to base 2
10000100
46655 (base 8) to base 15
5d5a
Convert 8337 (base 10) to base 15.
270c
What is -10230 (base 6) in base 8?
-2552
What is -215135 (base 6) in base 4?
-10121003
68886 (base 9) to base 15
d919
-4035 (base 6) to base 14
-475
Convert -456 (base 7) to base 14.
-12d
What is -760a (base 14) in base 13?
-938a
What is -14649 (base 10) in base 12?
-8589
Convert -200 (base 4) to base 16.
-20
Convert 12662 (base 13) to base 16.
8501
43046 (base 8) to base 2
100011000100110
Convert 6704 (base 12) to base 5.
331010
-2892 (base 13) to base 8
-13351
Convert -4b1 (base 14) to base 8.
-1653
What is -322 (base 10) in base 7?
-640
-1111010101 (base 2) to base 12
-699
What is -66067 (base 9) in base 3?
-2020002021
203 (base 5) to base 14
3b
Convert -403 (base 16) to base 14.
-535
-1474 (base 10) to base 7
-4204
Convert -2a44 (base 14) to base 9.
-11262
Convert 38ba (base 13) to base 9.
12085
Convert 1021 (base 14) to base 4.
223111
What is -1a1 (base 15) in base 11?
-312
-5435 (base 6) to base 11
-a34
-12143 (base 5) to base 7
-2456
Convert -116 (base 12) to base 3.
-20000
Convert 3500 (base 6) to base 3.
1010200
What is 229 (base 13) in base 8?
565
Convert 120413 (base 7) to base 13.
9c11
Convert 254c (base 13) to base 11.
3a91
-2116 (base 14) to base 11
-4316
